{"id":99,"date":"2025-09-08T12:18:18","date_gmt":"2025-09-08T12:18:18","guid":{"rendered":"https:\/\/www.interflugva.de\/?page_id=99"},"modified":"2026-02-14T14:26:34","modified_gmt":"2026-02-14T14:26:34","slug":"ueber-unsere-virtuelle-airline","status":"publish","type":"page","link":"https:\/\/www.interflugva.de\/?page_id=99","title":{"rendered":"\u00dcber unsere Virtuelle Airline"},"content":{"rendered":"\r\n<p>Wie der Name es schon zu verstehen gibt, wir sind keine echte Airline.<\/p>\r\n\r\n\r\n\r\n<p>Wir sind auch keine Firma, kein Verein.<\/p>\r\n\r\n\r\n\r\n<p>Wir sind eine kleine Truppe von Leuten, die auf dem Portal <a href=\"https:\/\/www.fsairlines.net\" data-type=\"link\" data-id=\"fsairlines.net\">fsairlines.net<\/a> die Interflug Virtuell in unserer Zeit weiterleben lassen und dabei Tradition und Moderne verbinden.<\/p>\r\n\r\n\r\n\r\n<p>Sollten Sie Fragen, Anregungen oder Kritik haben, so melden Sie sich bei uns. Die Kontaktdaten finden Sie im Impressum.<\/p>\r\n\r\n\r\n\r\n<p>Wir sind gekommen um friedlich unserem Hobby nachzugehen. Sollte Sie etwas daran st\u00f6ren, so reden wir dar\u00fcber. Eine Abmahnung ist daf\u00fcr NICHT n\u00f6tig.<\/p>\r\n\r\n\r\n\r\n<figure class=\"wp-block-image size-large\"><img loading=\"lazy\" decoding=\"async\" class=\"alignnone size-large wp-image-330\" src=\"https:\/\/www.interflugva.de\/wp-content\/uploads\/2026\/02\/Screenshot-2026-02-14-085134-1024x446.png\" alt=\"\" width=\"1024\" height=\"446\" srcset=\"https:\/\/www.interflugva.de\/wp-content\/uploads\/2026\/02\/Screenshot-2026-02-14-085134-1024x446.png 1024w, https:\/\/www.interflugva.de\/wp-content\/uploads\/2026\/02\/Screenshot-2026-02-14-085134-300x131.png 300w, https:\/\/www.interflugva.de\/wp-content\/uploads\/2026\/02\/Screenshot-2026-02-14-085134-768x334.png 768w, https:\/\/www.interflugva.de\/wp-content\/uploads\/2026\/02\/Screenshot-2026-02-14-085134-1536x669.png 1536w, https:\/\/www.interflugva.de\/wp-content\/uploads\/2026\/02\/Screenshot-2026-02-14-085134-2048x892.png 2048w\" sizes=\"auto, (max-width: 1024px) 100vw, 1024px\" \/><\/figure>\r\n","protected":false},"excerpt":{"rendered":"<p>Wie der Name es schon zu verstehen gibt, wir sind keine echte Airline. Wir sind auch keine Firma, kein Verein. Wir sind eine kleine Truppe von Leuten, die auf dem Portal fsairlines.net die Interflug Virtuell in unserer Zeit weiterleben lassen &hellip; <\/p>\n<div class=\"read-more\"><a href=\"https:\/\/www.interflugva.de\/?page_id=99\" class=\"more-link\">Read More<\/a><\/div>\n","protected":false},"author":1,"featured_media":0,"parent":0,"menu_order":0,"comment_status":"closed","ping_status":"closed","template":"","meta":{"footnotes":""},"class_list":["post-99","page","type-page","status-publish","hentry","entry"],"_links":{"self":[{"href":"https:\/\/www.interflugva.de\/index.php?rest_route=\/wp\/v2\/pages\/99","targetHints":{"allow":["GET"]}}],"collection":[{"href":"https:\/\/www.interflugva.de\/index.php?rest_route=\/wp\/v2\/pages"}],"about":[{"href":"https:\/\/www.interflugva.de\/index.php?rest_route=\/wp\/v2\/types\/page"}],"author":[{"embeddable":true,"href":"https:\/\/www.interflugva.de\/index.php?rest_route=\/wp\/v2\/users\/1"}],"replies":[{"embeddable":true,"href":"https:\/\/www.interflugva.de\/index.php?rest_route=%2Fwp%2Fv2%2Fcomments&post=99"}],"version-history":[{"count":5,"href":"https:\/\/www.interflugva.de\/index.php?rest_route=\/wp\/v2\/pages\/99\/revisions"}],"predecessor-version":[{"id":332,"href":"https:\/\/www.interflugva.de\/index.php?rest_route=\/wp\/v2\/pages\/99\/revisions\/332"}],"wp:attachment":[{"href":"https:\/\/www.interflugva.de\/index.php?rest_route=%2Fwp%2Fv2%2Fmedia&parent=99"}],"curies":[{"name":"wp","href":"https:\/\/api.w.org\/{rel}","templated":true}]}}